{"id":69,"date":"2025-05-11T22:24:46","date_gmt":"2025-05-11T20:24:46","guid":{"rendered":"https:\/\/saranoel.fr\/?page_id=69"},"modified":"2026-03-25T09:51:57","modified_gmt":"2026-03-25T08:51:57","slug":"praticienne-en-sante-naturelle","status":"publish","type":"page","link":"https:\/\/saranoel.fr\/","title":{"rendered":"Conseil en herboristerie et en alimentation"},"content":{"rendered":"\n<p>En ayant une vision globale de votre personne, vos habitudes, vos go\u00fbts, vos besoins et vos contraintes, je vous proposerai un r\u00e9\u00e9quilibrage alimentaire et des plantes pour atteindre votre objectif de sant\u00e9 et de bien-\u00eatre. La routine conseill\u00e9e sera simple et \u00e9volutive.<\/p>\n\n\n\n<p>De la m\u00eame mani\u00e8re que votre \u00e9cosyst\u00e8me sera respect\u00e9, les plantes que je vous conseillerai seront locales, abordables et largement disponibles.&nbsp;<\/p>\n\n\n\n<p class=\"has-text-align-center\">Mes outils:<\/p>\n\n\n\n<p class=\"has-text-align-center\">Diagnostique de M\u00e9decine Traditionnelle Chinoise <\/p>\n\n\n\n<p class=\"has-text-align-center\">R\u00e9\u00e9quilibrage alimentaire<\/p>\n\n\n\n<p class=\"has-text-align-center\">Gemmoth\u00e9rapie \u2013 Phytoth\u00e9rapie \u2013 Aromath\u00e9rapie<\/p>\n\n\n\n<p class=\"has-text-align-center\">Ventouses \u2013 Moxibustion &#8211; Auriculoth\u00e9rapie<\/p>\n\n\n\n<figure class=\"wp-block-gallery has-nested-images columns-default is-cropped wp-block-gallery-1 is-layout-flex wp-block-gallery-is-layout-flex\">\n<figure class=\"wp-block-image size-large\"><img loading=\"lazy\" decoding=\"async\" width=\"1024\" height=\"907\" data-id=\"65\" src=\"https:\/\/saranoel.fr\/wp-content\/uploads\/2025\/05\/bundo-kim-ur2zmbseUIA-unsplash-1-1024x907.jpg\" alt=\"\" class=\"wp-image-65\" srcset=\"https:\/\/saranoel.fr\/wp-content\/uploads\/2025\/05\/bundo-kim-ur2zmbseUIA-unsplash-1-1024x907.jpg 1024w, https:\/\/saranoel.fr\/wp-content\/uploads\/2025\/05\/bundo-kim-ur2zmbseUIA-unsplash-1-300x266.jpg 300w, https:\/\/saranoel.fr\/wp-content\/uploads\/2025\/05\/bundo-kim-ur2zmbseUIA-unsplash-1-768x680.jpg 768w, https:\/\/saranoel.fr\/wp-content\/uploads\/2025\/05\/bundo-kim-ur2zmbseUIA-unsplash-1-1140x1009.jpg 1140w, https:\/\/saranoel.fr\/wp-content\/uploads\/2025\/05\/bundo-kim-ur2zmbseUIA-unsplash-1.jpg 1316w\" sizes=\"auto, (max-width: 1024px) 100vw, 1024px\" \/><\/figure>\n\n\n\n<figure class=\"wp-block-image size-large\"><img loading=\"lazy\" decoding=\"async\" width=\"1024\" height=\"683\" data-id=\"108\" src=\"https:\/\/saranoel.fr\/wp-content\/uploads\/2025\/05\/elena-leya-O7sKj9cjZOk-unsplash-1024x683.jpg\" alt=\"\" class=\"wp-image-108\" srcset=\"https:\/\/saranoel.fr\/wp-content\/uploads\/2025\/05\/elena-leya-O7sKj9cjZOk-unsplash-1024x683.jpg 1024w, https:\/\/saranoel.fr\/wp-content\/uploads\/2025\/05\/elena-leya-O7sKj9cjZOk-unsplash-300x200.jpg 300w, https:\/\/saranoel.fr\/wp-content\/uploads\/2025\/05\/elena-leya-O7sKj9cjZOk-unsplash-768x512.jpg 768w, https:\/\/saranoel.fr\/wp-content\/uploads\/2025\/05\/elena-leya-O7sKj9cjZOk-unsplash-1536x1024.jpg 1536w, https:\/\/saranoel.fr\/wp-content\/uploads\/2025\/05\/elena-leya-O7sKj9cjZOk-unsplash-2048x1365.jpg 2048w, https:\/\/saranoel.fr\/wp-content\/uploads\/2025\/05\/elena-leya-O7sKj9cjZOk-unsplash-1140x760.jpg 1140w\" sizes=\"auto, (max-width: 1024px) 100vw, 1024px\" \/><\/figure>\n\n\n\n<figure class=\"wp-block-image size-large\"><img loading=\"lazy\" decoding=\"async\" width=\"722\" height=\"1024\" data-id=\"92\" src=\"https:\/\/saranoel.fr\/wp-content\/uploads\/2025\/05\/joseph-gonzalez-fdlZBWIP0aM-unsplash-722x1024.jpg\" alt=\"\" class=\"wp-image-92\" srcset=\"https:\/\/saranoel.fr\/wp-content\/uploads\/2025\/05\/joseph-gonzalez-fdlZBWIP0aM-unsplash-722x1024.jpg 722w, https:\/\/saranoel.fr\/wp-content\/uploads\/2025\/05\/joseph-gonzalez-fdlZBWIP0aM-unsplash-212x300.jpg 212w, https:\/\/saranoel.fr\/wp-content\/uploads\/2025\/05\/joseph-gonzalez-fdlZBWIP0aM-unsplash-768x1089.jpg 768w, https:\/\/saranoel.fr\/wp-content\/uploads\/2025\/05\/joseph-gonzalez-fdlZBWIP0aM-unsplash-1083x1536.jpg 1083w, https:\/\/saranoel.fr\/wp-content\/uploads\/2025\/05\/joseph-gonzalez-fdlZBWIP0aM-unsplash-1445x2048.jpg 1445w, https:\/\/saranoel.fr\/wp-content\/uploads\/2025\/05\/joseph-gonzalez-fdlZBWIP0aM-unsplash-1140x1616.jpg 1140w, https:\/\/saranoel.fr\/wp-content\/uploads\/2025\/05\/joseph-gonzalez-fdlZBWIP0aM-unsplash-scaled.jpg 1806w\" sizes=\"auto, (max-width: 722px) 100vw, 722px\" \/><\/figure>\n\n\n\n<figure class=\"wp-block-image size-large\"><img loading=\"lazy\" decoding=\"async\" width=\"1024\" height=\"683\" data-id=\"111\" src=\"https:\/\/saranoel.fr\/wp-content\/uploads\/2025\/05\/jacopo-maiarelli-gOUx23DNks-unsplash-1024x683.jpg\" alt=\"\" class=\"wp-image-111\" srcset=\"https:\/\/saranoel.fr\/wp-content\/uploads\/2025\/05\/jacopo-maiarelli-gOUx23DNks-unsplash-1024x683.jpg 1024w, https:\/\/saranoel.fr\/wp-content\/uploads\/2025\/05\/jacopo-maiarelli-gOUx23DNks-unsplash-300x200.jpg 300w, https:\/\/saranoel.fr\/wp-content\/uploads\/2025\/05\/jacopo-maiarelli-gOUx23DNks-unsplash-768x512.jpg 768w, https:\/\/saranoel.fr\/wp-content\/uploads\/2025\/05\/jacopo-maiarelli-gOUx23DNks-unsplash-1536x1024.jpg 1536w, https:\/\/saranoel.fr\/wp-content\/uploads\/2025\/05\/jacopo-maiarelli-gOUx23DNks-unsplash-2048x1365.jpg 2048w, https:\/\/saranoel.fr\/wp-content\/uploads\/2025\/05\/jacopo-maiarelli-gOUx23DNks-unsplash-1140x760.jpg 1140w\" sizes=\"auto, (max-width: 1024px) 100vw, 1024px\" \/><\/figure>\n\n\n\n<figure class=\"wp-block-image size-large\"><img loading=\"lazy\" decoding=\"async\" width=\"1024\" height=\"683\" data-id=\"94\" src=\"https:\/\/saranoel.fr\/wp-content\/uploads\/2025\/05\/the-matter-of-food-y3idlWJFFZI-unsplash-1024x683.jpg\" alt=\"\" class=\"wp-image-94\" srcset=\"https:\/\/saranoel.fr\/wp-content\/uploads\/2025\/05\/the-matter-of-food-y3idlWJFFZI-unsplash-1024x683.jpg 1024w, https:\/\/saranoel.fr\/wp-content\/uploads\/2025\/05\/the-matter-of-food-y3idlWJFFZI-unsplash-300x200.jpg 300w, https:\/\/saranoel.fr\/wp-content\/uploads\/2025\/05\/the-matter-of-food-y3idlWJFFZI-unsplash-768x512.jpg 768w, https:\/\/saranoel.fr\/wp-content\/uploads\/2025\/05\/the-matter-of-food-y3idlWJFFZI-unsplash-1536x1024.jpg 1536w, https:\/\/saranoel.fr\/wp-content\/uploads\/2025\/05\/the-matter-of-food-y3idlWJFFZI-unsplash-2048x1365.jpg 2048w, https:\/\/saranoel.fr\/wp-content\/uploads\/2025\/05\/the-matter-of-food-y3idlWJFFZI-unsplash-1140x760.jpg 1140w\" sizes=\"auto, (max-width: 1024px) 100vw, 1024px\" \/><\/figure>\n\n\n\n<figure class=\"wp-block-image size-large\"><img loading=\"lazy\" decoding=\"async\" width=\"1024\" height=\"768\" data-id=\"109\" src=\"https:\/\/saranoel.fr\/wp-content\/uploads\/2025\/05\/boite-ventouses-aspir-11.jpg\" alt=\"\" class=\"wp-image-109\" srcset=\"https:\/\/saranoel.fr\/wp-content\/uploads\/2025\/05\/boite-ventouses-aspir-11.jpg 1024w, https:\/\/saranoel.fr\/wp-content\/uploads\/2025\/05\/boite-ventouses-aspir-11-300x225.jpg 300w, https:\/\/saranoel.fr\/wp-content\/uploads\/2025\/05\/boite-ventouses-aspir-11-768x576.jpg 768w\" sizes=\"auto, (max-width: 1024px) 100vw, 1024px\" \/><\/figure>\n<\/figure>\n\n\n\n<p class=\"has-text-align-center\"><\/p>\n\n\n<div class=\"wp-block-image\">\n<figure class=\"aligncenter size-full\"><img loading=\"lazy\" decoding=\"async\" width=\"400\" height=\"325\" src=\"http:\/\/saranoel.fr\/wp-content\/uploads\/2025\/05\/Sara-LOGOS-NOMS-01.png\" alt=\"\" class=\"wp-image-16\" srcset=\"https:\/\/saranoel.fr\/wp-content\/uploads\/2025\/05\/Sara-LOGOS-NOMS-01.png 400w, https:\/\/saranoel.fr\/wp-content\/uploads\/2025\/05\/Sara-LOGOS-NOMS-01-300x244.png 300w\" sizes=\"auto, (max-width: 400px) 100vw, 400px\" \/><\/figure>\n<\/div>\n\n\n<p class=\"has-text-align-center\"><\/p>\n","protected":false},"excerpt":{"rendered":"<p>En ayant une vision globale de votre personne, vos habitudes, vos go\u00fbts, vos besoins et vos contraintes, je vous proposerai un r\u00e9\u00e9quilibrage alimentaire et des plantes pour atteindre votre objectif de sant\u00e9 et de bien-\u00eatre. La routine conseill\u00e9e sera simple et \u00e9volutive. De la m\u00eame mani\u00e8re que votre \u00e9cosyst\u00e8me sera respect\u00e9, les plantes que je vous conseillerai seront locales, abordables et largement disponibles.&nbsp; Mes outils: Diagnostique de M\u00e9decine Traditionnelle Chinoise R\u00e9\u00e9quilibrage alimentaire Gemmoth\u00e9rapie \u2013 Phytoth\u00e9rapie \u2013 Aromath\u00e9rapie Ventouses \u2013 Moxibustion &#8211; Auriculoth\u00e9rapie<\/p>\n","protected":false},"author":1,"featured_media":0,"parent":0,"menu_order":0,"comment_status":"closed","ping_status":"closed","template":"","meta":{"footnotes":""},"class_list":["post-69","page","type-page","status-publish","hentry"],"_links":{"self":[{"href":"https:\/\/saranoel.fr\/index.php\/wp-json\/wp\/v2\/pages\/69","targetHints":{"allow":["GET"]}}],"collection":[{"href":"https:\/\/saranoel.fr\/index.php\/wp-json\/wp\/v2\/pages"}],"about":[{"href":"https:\/\/saranoel.fr\/index.php\/wp-json\/wp\/v2\/types\/page"}],"author":[{"embeddable":true,"href":"https:\/\/saranoel.fr\/index.php\/wp-json\/wp\/v2\/users\/1"}],"replies":[{"embeddable":true,"href":"https:\/\/saranoel.fr\/index.php\/wp-json\/wp\/v2\/comments?post=69"}],"version-history":[{"count":12,"href":"https:\/\/saranoel.fr\/index.php\/wp-json\/wp\/v2\/pages\/69\/revisions"}],"predecessor-version":[{"id":170,"href":"https:\/\/saranoel.fr\/index.php\/wp-json\/wp\/v2\/pages\/69\/revisions\/170"}],"wp:attachment":[{"href":"https:\/\/saranoel.fr\/index.php\/wp-json\/wp\/v2\/media?parent=69"}],"curies":[{"name":"wp","href":"https:\/\/api.w.org\/{rel}","templated":true}]}}